{"id":2899,"date":"2025-12-11T15:00:04","date_gmt":"2025-12-11T14:00:04","guid":{"rendered":"https:\/\/drottningblanka.se\/nacka\/?page_id=2899"},"modified":"2025-12-12T13:29:20","modified_gmt":"2025-12-12T12:29:20","slug":"elevsalong","status":"publish","type":"page","link":"https:\/\/drottningblanka.se\/nacka\/elevsalong\/","title":{"rendered":"Elevsalong"},"content":{"rendered":"\n\t\n\t\n\t\n\n\t\n\t\n\t\n<section  class=\"c-block l-stacked  \" data-color-scheme=\"bla\">\n\t<div class=\"ams-fifty ams-fifty--full ams-fifty--right ams-fifty--top\">\n\t\t<div class=\"ams-fifty__content l-stack l-stack-xl is-left is-left@lg u-pt-fluid-3xl-6xl u-pb-fluid-3xl-6xl\">\n\t\t\t<div class=\"ams-fifty__text l-stack l-stack-lg\">\n\t\t\t\t\t\n\t<h1\n\tclass=\"c-heading u-font-title-1 \"\n\tstyle=\"\">\n\t\t\n\t\t\t\t\t\t\t\t\t<span class=\"c-heading__sub is-above u-font-display\">\n\t\t\t\t\tV\u00e4lkommen till v\u00e5r elevsalong!\n\t\t\t\t<\/span>\n\t\t\t\tFris\u00f6r Salong Drottning Blanka\n\t\t\t\t\t\t\t\n\t<\/h1>\n\n\t\t\t\t\t\t\t\t\t<div class=\"text l-stack u-font-body\">\n\t\t\t\t\t\t<p>I v\u00e5r salong erbjuder vi ett brett utbud av behandlingar, allt fr\u00e5n klippning och f\u00e4rgning till olika stylingtekniker. Vi arbetar \u00e4ven med fransar och bryn.<\/p>\n<p>H\u00e4r m\u00f6ts kreativitet, service och yrkesstolthet \u2013 varmt v\u00e4lkommen att boka din behandling hos oss!<\/p>\n\n\t\t\t\t\t<\/div>\n\t\t\t\t\t\t\t<\/div>\n\n\t\t\t\t<div class=\"ams-fifty__action u-inline-items\">\n\t\t\t\t\t\t\t\n\n\n<a href=\"https:\/\/www.bokadirekt.se\/places\/frisor-salong-drottning-blanka-131784\"\n\t\n\tclass=\"c-btn \"\n\tdata-style=\"round\"\n\tdata-size=\"md\"\n\tdata-width=\"full-mobile\"\n\tdata-variant=\"default\"\n\ttarget=\"_blank\">\n\t\t\t<span class=\"label\"> Boka tid<\/span>\n\t\t\t<\/a>\n\t\t\t<\/div>\n\t\t<\/div>\n\n\t\t <div class=\"ams-fifty__media u-ratio-landscape\">\n\t\t \t\t\t\t\t<img decoding=\"async\" width=\"600\" height=\"424\" src=\"https:\/\/drottningblanka.se\/wp-content\/uploads\/sites\/26\/2025\/12\/hvfrisordbgyhelsingborg202403h8a0158-e1731065788892-600x424.jpg\" class=\"attachment-md size-md\" alt=\"Elever blir stylade\" sizes=\"(min-width: 64em) 600px, calc(100vw - 160px)\" srcset=\"https:\/\/drottningblanka.se\/wp-content\/uploads\/sites\/26\/2025\/12\/hvfrisordbgyhelsingborg202403h8a0158-e1731065788892-600x424.jpg 600w, https:\/\/drottningblanka.se\/wp-content\/uploads\/sites\/26\/2025\/12\/hvfrisordbgyhelsingborg202403h8a0158-e1731065788892-300x212.jpg 300w, https:\/\/drottningblanka.se\/wp-content\/uploads\/sites\/26\/2025\/12\/hvfrisordbgyhelsingborg202403h8a0158-e1731065788892-400x282.jpg 400w, https:\/\/drottningblanka.se\/wp-content\/uploads\/sites\/26\/2025\/12\/hvfrisordbgyhelsingborg202403h8a0158-e1731065788892-800x565.jpg 800w, https:\/\/drottningblanka.se\/wp-content\/uploads\/sites\/26\/2025\/12\/hvfrisordbgyhelsingborg202403h8a0158-e1731065788892.jpg 881w\" \/>\n\t\t\t\n\t\t\t\n\t\t\t\t\t<\/div>\n\t<\/div>\n\n\t\t\n\n<\/section>\n\n\n\n\t\n\t\n\t\n\n\t\n\t\n\t\t\n<section  class=\"c-block l-stacked  \" data-color-scheme=\"vit\">\n\t<div class=\"ams-fifty ams-fifty--container ams-fifty--left ams-fifty--bottom l-container u-pt-fluid-3xl-6xl u-pb-fluid-3xl-6xl\">\n\t\t<div class=\"ams-fifty__content l-stack l-stack-xl is-left is-left@lg\">\n\t\t\t<div class=\"ams-fifty__text l-stack l-stack-lg\">\n\t\t\t\t\t\n\t<h2\n\tclass=\"c-heading u-font-title-1 \"\n\tstyle=\"\">\n\t\t\n\t\t\t\t\t\t\t\t\tV\u00e5r Elevsalong\n\t\t\t\t<span class=\"c-heading__sub is-below u-font-title-3\">\n\t\t\t\t\tp\u00e5 DBGY Nacka\n\t\t\t\t<\/span>\n\t\t\t\t\t\t\t\n\t<\/h2>\n\n\t\t\t\t\t\t\t\t\t<div class=\"text l-stack u-font-body\">\n\t\t\t\t\t\t<p>V\u00e5r gymnasieskola \u00e4r bel\u00e4gen i vackra Nacka Strand, d\u00e4r v\u00e5ra elever f\u00e5r m\u00f6jlighet att utveckla sina f\u00e4rdigheter i en inspirerande och verklighetsn\u00e4ra milj\u00f6. Alla tj\u00e4nster utf\u00f6rs av v\u00e5ra elever under handledning av erfarna l\u00e4rare, vilket ger dig som kund en professionell upplevelse samtidigt som du bidrar till elevernas l\u00e4rande.<\/p>\n<p>Boka din tid redan idag <span class=\"gmail_default\">p\u00e5 <a href=\"https:\/\/www.bokadirekt.se\/places\/frisor-salong-drottning-blanka-131784\" target=\"_blank\" rel=\"noopener\">Bokadirekt <\/a><\/span>eller eller ring oss p\u00e5: 076-146 42 39<\/p>\n<p><strong>Vi ser fram emot att v\u00e4lkomna dig till v\u00e5r salong!<\/strong><\/p>\n\n\t\t\t\t\t<\/div>\n\t\t\t\t\t\t\t<\/div>\n\n\t\t\t\t\t<\/div>\n\n\t\t <div class=\"ams-fifty__media u-ratio-landscape\">\n\t\t \t\t\t\t\t<img decoding=\"async\" width=\"600\" height=\"400\" src=\"https:\/\/drottningblanka.se\/wp-content\/uploads\/sites\/26\/2023\/06\/hvfrisordbgyhelsingborg202403h8a0610-600x400.jpeg\" class=\"attachment-md size-md\" alt=\"Tjej f\u00e5r sitt h\u00e5r tv\u00e4ttat\" sizes=\"(min-width: 64em) 600px, calc(100vw - 160px)\" srcset=\"https:\/\/drottningblanka.se\/wp-content\/uploads\/sites\/26\/2023\/06\/hvfrisordbgyhelsingborg202403h8a0610-600x400.jpeg 600w, https:\/\/drottningblanka.se\/wp-content\/uploads\/sites\/26\/2023\/06\/hvfrisordbgyhelsingborg202403h8a0610-300x200.jpeg 300w, https:\/\/drottningblanka.se\/wp-content\/uploads\/sites\/26\/2023\/06\/hvfrisordbgyhelsingborg202403h8a0610-400x267.jpeg 400w, https:\/\/drottningblanka.se\/wp-content\/uploads\/sites\/26\/2023\/06\/hvfrisordbgyhelsingborg202403h8a0610-800x533.jpeg 800w, https:\/\/drottningblanka.se\/wp-content\/uploads\/sites\/26\/2023\/06\/hvfrisordbgyhelsingborg202403h8a0610-1024x682.jpeg 1024w, https:\/\/drottningblanka.se\/wp-content\/uploads\/sites\/26\/2023\/06\/hvfrisordbgyhelsingborg202403h8a0610-1200x800.jpeg 1200w, https:\/\/drottningblanka.se\/wp-content\/uploads\/sites\/26\/2023\/06\/hvfrisordbgyhelsingborg202403h8a0610.jpeg 1280w\" \/>\n\t\t\t\n\t\t\t\n\t\t\t\t\t<\/div>\n\t<\/div>\n\n\t\t\n\n<\/section>\n","protected":false},"excerpt":{"rendered":"","protected":false},"author":73,"featured_media":0,"parent":0,"menu_order":0,"comment_status":"closed","ping_status":"closed","template":"","meta":{"footnotes":""},"yoast_head":"<!-- This site is optimized with the Yoast SEO plugin v22.0 - https:\/\/yoast.com\/wordpress\/plugins\/seo\/ -->\n<title>Fris\u00f6r Salong Drottning Blanka - Drottning Blankas Gymnasieskola Nacka<\/title>\n<meta name=\"description\" content=\"V\u00e5ra fris\u00f6relever g\u00f6r allt fr\u00e5n klippning och f\u00e4rgning till fransar och bryn. Boka g\u00e4rna en tid i v\u00e5r elevsalong i Nacka Strand.\" \/>\n<meta name=\"robots\" content=\"index, follow, max-snippet:-1, max-image-preview:large, max-video-preview:-1\" \/>\n<link rel=\"canonical\" href=\"https:\/\/drottningblanka.se\/nacka\/elevsalong\/\" \/>\n<meta property=\"og:locale\" content=\"sv_SE\" \/>\n<meta property=\"og:type\" content=\"article\" \/>\n<meta property=\"og:title\" content=\"Fris\u00f6r Salong Drottning Blanka - Drottning Blankas Gymnasieskola Nacka\" \/>\n<meta property=\"og:description\" content=\"V\u00e5ra fris\u00f6relever g\u00f6r allt fr\u00e5n klippning och f\u00e4rgning till fransar och bryn. Boka g\u00e4rna en tid i v\u00e5r elevsalong i Nacka Strand.\" \/>\n<meta property=\"og:url\" content=\"https:\/\/drottningblanka.se\/nacka\/elevsalong\/\" \/>\n<meta property=\"og:site_name\" content=\"Nacka\" \/>\n<meta property=\"article:modified_time\" content=\"2025-12-12T12:29:20+00:00\" \/>\n<meta name=\"twitter:card\" content=\"summary_large_image\" \/>\n<meta name=\"twitter:title\" content=\"Fris\u00f6r Salong Drottning Blanka - Drottning Blankas Gymnasieskola Nacka\" \/>\n<meta name=\"twitter:description\" content=\"V\u00e5ra fris\u00f6relever g\u00f6r allt fr\u00e5n klippning och f\u00e4rgning till fransar och bryn. Boka g\u00e4rna en tid i v\u00e5r elevsalong i Nacka Strand.\" \/>\n<meta name=\"twitter:label1\" content=\"Ber\u00e4knad l\u00e4stid\" \/>\n\t<meta name=\"twitter:data1\" content=\"2 minuter\" \/>\n<script type=\"application\/ld+json\" class=\"yoast-schema-graph\">{\"@context\":\"https:\/\/schema.org\",\"@graph\":[{\"@type\":\"WebPage\",\"@id\":\"https:\/\/drottningblanka.se\/nacka\/elevsalong\/\",\"url\":\"https:\/\/drottningblanka.se\/nacka\/elevsalong\/\",\"name\":\"Fris\u00f6r Salong Drottning Blanka - Drottning Blankas Gymnasieskola Nacka\",\"isPartOf\":{\"@id\":\"https:\/\/drottningblanka.se\/nacka\/#website\"},\"datePublished\":\"2025-12-11T14:00:04+00:00\",\"dateModified\":\"2025-12-12T12:29:20+00:00\",\"description\":\"V\u00e5ra fris\u00f6relever g\u00f6r allt fr\u00e5n klippning och f\u00e4rgning till fransar och bryn. Boka g\u00e4rna en tid i v\u00e5r elevsalong i Nacka Strand.\",\"breadcrumb\":{\"@id\":\"https:\/\/drottningblanka.se\/nacka\/elevsalong\/#breadcrumb\"},\"inLanguage\":\"sv-SE\",\"potentialAction\":[{\"@type\":\"ReadAction\",\"target\":[\"https:\/\/drottningblanka.se\/nacka\/elevsalong\/\"]}]},{\"@type\":\"BreadcrumbList\",\"@id\":\"https:\/\/drottningblanka.se\/nacka\/elevsalong\/#breadcrumb\",\"itemListElement\":[{\"@type\":\"ListItem\",\"position\":1,\"name\":\"Start\",\"item\":\"https:\/\/drottningblanka.se\/nacka\/\"},{\"@type\":\"ListItem\",\"position\":2,\"name\":\"Elevsalong\"}]},{\"@type\":\"WebSite\",\"@id\":\"https:\/\/drottningblanka.se\/nacka\/#website\",\"url\":\"https:\/\/drottningblanka.se\/nacka\/\",\"name\":\"Nacka\",\"description\":\"En del av AcadeMedia\",\"potentialAction\":[{\"@type\":\"SearchAction\",\"target\":{\"@type\":\"EntryPoint\",\"urlTemplate\":\"https:\/\/drottningblanka.se\/nacka\/?s={search_term_string}\"},\"query-input\":\"required name=search_term_string\"}],\"inLanguage\":\"sv-SE\"}]}<\/script>\n<!-- \/ Yoast SEO plugin. -->","yoast_head_json":{"title":"Fris\u00f6r Salong Drottning Blanka - Drottning Blankas Gymnasieskola Nacka","description":"V\u00e5ra fris\u00f6relever g\u00f6r allt fr\u00e5n klippning och f\u00e4rgning till fransar och bryn. Boka g\u00e4rna en tid i v\u00e5r elevsalong i Nacka Strand.","robots":{"index":"index","follow":"follow","max-snippet":"max-snippet:-1","max-image-preview":"max-image-preview:large","max-video-preview":"max-video-preview:-1"},"canonical":"https:\/\/drottningblanka.se\/nacka\/elevsalong\/","og_locale":"sv_SE","og_type":"article","og_title":"Fris\u00f6r Salong Drottning Blanka - Drottning Blankas Gymnasieskola Nacka","og_description":"V\u00e5ra fris\u00f6relever g\u00f6r allt fr\u00e5n klippning och f\u00e4rgning till fransar och bryn. Boka g\u00e4rna en tid i v\u00e5r elevsalong i Nacka Strand.","og_url":"https:\/\/drottningblanka.se\/nacka\/elevsalong\/","og_site_name":"Nacka","article_modified_time":"2025-12-12T12:29:20+00:00","twitter_card":"summary_large_image","twitter_title":"Fris\u00f6r Salong Drottning Blanka - Drottning Blankas Gymnasieskola Nacka","twitter_description":"V\u00e5ra fris\u00f6relever g\u00f6r allt fr\u00e5n klippning och f\u00e4rgning till fransar och bryn. Boka g\u00e4rna en tid i v\u00e5r elevsalong i Nacka Strand.","twitter_misc":{"Ber\u00e4knad l\u00e4stid":"2 minuter"},"schema":{"@context":"https:\/\/schema.org","@graph":[{"@type":"WebPage","@id":"https:\/\/drottningblanka.se\/nacka\/elevsalong\/","url":"https:\/\/drottningblanka.se\/nacka\/elevsalong\/","name":"Fris\u00f6r Salong Drottning Blanka - Drottning Blankas Gymnasieskola Nacka","isPartOf":{"@id":"https:\/\/drottningblanka.se\/nacka\/#website"},"datePublished":"2025-12-11T14:00:04+00:00","dateModified":"2025-12-12T12:29:20+00:00","description":"V\u00e5ra fris\u00f6relever g\u00f6r allt fr\u00e5n klippning och f\u00e4rgning till fransar och bryn. Boka g\u00e4rna en tid i v\u00e5r elevsalong i Nacka Strand.","breadcrumb":{"@id":"https:\/\/drottningblanka.se\/nacka\/elevsalong\/#breadcrumb"},"inLanguage":"sv-SE","potentialAction":[{"@type":"ReadAction","target":["https:\/\/drottningblanka.se\/nacka\/elevsalong\/"]}]},{"@type":"BreadcrumbList","@id":"https:\/\/drottningblanka.se\/nacka\/elevsalong\/#breadcrumb","itemListElement":[{"@type":"ListItem","position":1,"name":"Start","item":"https:\/\/drottningblanka.se\/nacka\/"},{"@type":"ListItem","position":2,"name":"Elevsalong"}]},{"@type":"WebSite","@id":"https:\/\/drottningblanka.se\/nacka\/#website","url":"https:\/\/drottningblanka.se\/nacka\/","name":"Nacka","description":"En del av AcadeMedia","potentialAction":[{"@type":"SearchAction","target":{"@type":"EntryPoint","urlTemplate":"https:\/\/drottningblanka.se\/nacka\/?s={search_term_string}"},"query-input":"required name=search_term_string"}],"inLanguage":"sv-SE"}]}},"_links":{"self":[{"href":"https:\/\/drottningblanka.se\/nacka\/wp-json\/wp\/v2\/pages\/2899"}],"collection":[{"href":"https:\/\/drottningblanka.se\/nacka\/wp-json\/wp\/v2\/pages"}],"about":[{"href":"https:\/\/drottningblanka.se\/nacka\/wp-json\/wp\/v2\/types\/page"}],"author":[{"embeddable":true,"href":"https:\/\/drottningblanka.se\/nacka\/wp-json\/wp\/v2\/users\/73"}],"replies":[{"embeddable":true,"href":"https:\/\/drottningblanka.se\/nacka\/wp-json\/wp\/v2\/comments?post=2899"}],"version-history":[{"count":9,"href":"https:\/\/drottningblanka.se\/nacka\/wp-json\/wp\/v2\/pages\/2899\/revisions"}],"predecessor-version":[{"id":2919,"href":"https:\/\/drottningblanka.se\/nacka\/wp-json\/wp\/v2\/pages\/2899\/revisions\/2919"}],"wp:attachment":[{"href":"https:\/\/drottningblanka.se\/nacka\/wp-json\/wp\/v2\/media?parent=2899"}],"curies":[{"name":"wp","href":"https:\/\/api.w.org\/{rel}","templated":true}]}}