{"id":1223,"date":"2023-05-25T11:45:06","date_gmt":"2023-05-25T09:45:06","guid":{"rendered":"https:\/\/drottningblanka.se\/falun\/?page_id=1223"},"modified":"2026-01-30T12:36:05","modified_gmt":"2026-01-30T11:36:05","slug":"nyheter","status":"publish","type":"page","link":"https:\/\/drottningblanka.se\/falun\/nyheter\/","title":{"rendered":"Nyheter"},"content":{"rendered":"\n\n<section  class=\"ams-cta ams-cta--stacked c-block l-stacked\" data-color-scheme=\"gra\">\n\t<div class=\"l-container l-stack l-stack-fluid-2xl u-pt-fluid-3xl-6xl u-pb-fluid-3xl-6xl is-center is-center@md\">\n\t\t\t\t\t<div class=\"ams-cta__intro l-stack l-stack-lg\">\n\t\t\t\t\t\n\t<h1\n\tclass=\"c-heading u-font-title-1 \"\n\tstyle=\"\">\n\t\t\n\t\t\t\t\tAktuellt inom DBGY\n\t\t\t\t\n\t<\/h1>\n\n\t\t\t\t\t\t\t\t\t<div class=\"c-text l-stack u-cs-xl u-font-body\">\n\t\t\t\t\t\t<p data-pm-slice=\"1 1 [&quot;list&quot;,{},&quot;list_item&quot;,{&quot;indent&quot;:2,&quot;type&quot;:&quot;bulleted&quot;}]\">H\u00e4r kan du ta del av nyheter, information och artiklar om evenemang och annat roligt som h\u00e4nder p\u00e5 Drottning Blankas Gymnasieskolor.<\/p>\n\n\t\t\t\t\t<\/div>\n\t\t\t\t\t\t\t<\/div>\n\t\t\n\t\t\n\t\t\t<\/div>\n\n\t\t\n\n<\/section>\n\n\n\n\n\n<section  class=\"ams-article c-block l-stacked js-load-more\" data-color-scheme=\"bakgrund-hover-standard_standard\" data-count=\"6\" data-count-mobile=\"3\">\n\t<div class=\"l-container l-stack l-stack-fluid-2xl u-pt-fluid-3xl-6xl u-pb-fluid-3xl-6xl is-center is-center@md\">\n\t\t\t\t\t<div class=\"ams-article__intro l-stack l-stack-lg\">\n\t\t\t\t\t\n\t<h2\n\tclass=\"c-heading u-font-title-1 \"\n\tstyle=\"\">\n\t\t\n\t\t\t\t\tNyheter\n\t\t\t\t\n\t<\/h2>\n\n\t\t\t\t\t\t\t<\/div>\n\t\t\n\t\t\t\t<div class=\"ams-filters u-inline-items c-filter\">\n\n\t\t\t\t\t<div>\n\t    \t    <div\n\t\t\t\tclass=\"c-select c-select--multi js-multi-select\"\n\t\t\t\tdata-button-class=\"c-btn c-btn--filter\"\n\t\t\t\tdata-no-selected-label=\"Filtrera kategori\"\n\t\t\t\tdata-multi-selected-label=\"{n} alternativ valda\"\n\t\t\t\tdata-multi-selected-n=\"2\"\n\t\t\t\tdata-button-variant=\"outline\"\n\t\t\t\tdata-button-style=\"round\">\n\t\t\t\t\t<select class=\"c-select__input c-btn c-btn--filter\" name=\"filter-by-categories\" id=\"filter-by-categories\" multiple aria-controls=\"ams-article-list-69e0f0da58bef\" data-filter=\"true\">\n\t\t\t\t\t\t\t\t\t\t\t        <option value=\"nyheter\">Nyheter<\/option>\n\t\t\t\t\t    \t\t\t\t\t<\/select>\n\t    \t        <svg class=\"ams-icon ams-icon__arrow-down\" width=\"24\" height=\"24\" viewBox=\"0 0 24 24\" fill=\"currentColor\" aria-hidden=\"true\" xmlns=\"http:\/\/www.w3.org\/2000\/svg\">\n\t    \t            <path d=\"m11.2033 18.4294-10.872894-10.67584c-.440539-.42594-.440539-1.1147 0-1.54065l.665495-.64345c.440539-.42595 1.152899-.42595 1.593439 0l9.41066 9.27114 9.4107-9.26207c.4405-.42595 1.1529-.42595 1.5934 0l.6655.64345c.4405.42594.4405 1.1147 0 1.54065l-10.8729 10.67587c-.4405.4168-1.1529.4168-1.5934-.0091z\"><\/path>\n\t    \t        <\/svg>\n\t    \t    <\/div>\n\t    \t<\/div>\n\t\t\n\t\t\t    \t<div>\n\t    \t    <div\n\t\t\t\tclass=\"c-select c-select--multi js-multi-select\"\n\t\t\t\tdata-button-class=\"c-btn c-btn--filter\"\n\t\t\t\tdata-no-selected-label=\"Filtrera datum\"\n\t\t\t\tdata-multi-selected-label=\"{n} alternativ valda\"\n\t\t\t\tdata-multi-selected-n=\"2\"\n\t\t\t\tdata-button-style=\"round\"\n\t\t\t\tdata-button-variant=\"outline\">\n\t    \t        <select class=\"c-select__input c-btn c-btn--filter\" name=\"filter-by-dates\" id=\"filter-by-dates\" multiple aria-controls=\"ams-article-list-69e0f0da58bef\" data-filter=\"true\">\n\t\t\t\t\t\t\t\t\t\t\t\t\t<option value=\"april-2025\">April 2025<\/option>\n\t    \t            \t\t\t\t\t\t\t<option value=\"mars-2025\">Mars 2025<\/option>\n\t    \t            \t\t\t\t\t\t\t<option value=\"juli-2024\">Juli 2024<\/option>\n\t    \t            \t\t\t\t\t\t\t<option value=\"maj-2024\">Maj 2024<\/option>\n\t    \t            \t\t\t\t\t\t\t<option value=\"april-2024\">April 2024<\/option>\n\t    \t            \t\t\t\t\t\t\t<option value=\"januari-2024\">Januari 2024<\/option>\n\t    \t            \t\t\t\t\t\t\t<option value=\"november-2023\">November 2023<\/option>\n\t    \t            \t\t\t\t\t\t\t<option value=\"maj-2023\">Maj 2023<\/option>\n\t    \t            \t\t\t\t\t\t\t<option value=\"april-2023\">April 2023<\/option>\n\t    \t            \t    \t        <\/select>\n\t    \t        <svg class=\"ams-icon ams-icon__arrow-down\" width=\"24\" height=\"24\" viewBox=\"0 0 24 24\" fill=\"currentColor\" aria-hidden=\"true\" xmlns=\"http:\/\/www.w3.org\/2000\/svg\">\n\t    \t            <path d=\"m11.2033 18.4294-10.872894-10.67584c-.440539-.42594-.440539-1.1147 0-1.54065l.665495-.64345c.440539-.42595 1.152899-.42595 1.593439 0l9.41066 9.27114 9.4107-9.26207c.4405-.42595 1.1529-.42595 1.5934 0l.6655.64345c.4405.42594.4405 1.1147 0 1.54065l-10.8729 10.67587c-.4405.4168-1.1529.4168-1.5934-.0091z\"><\/path>\n\t    \t        <\/svg>\n\t    \t    <\/div>\n\t    \t<\/div>\n\t\t\n\t<\/div>\n\n\n\t    \n\t\n\t<ul id=\"ams-article-list-69e0f0da58bef\" class=\"ams-article__list l-grid u-gap-2xl u-justify-center js-results js-filter\" aria-label=\"Artiklar\" data-filter-animation=\"off\">\n\t\t\t\t\t\t\t\t\t\t\t\t\t\t\t\t\t\n\t\t\t\n\t\t\t\n\t\t\t<li class=\"l-col-6@md l-col-4@lg js-filter__item\" data-filter=\"nyheter mars-2025\">\n\t\t\t\t<article class=\"c-card  has-media-zoom  \" data-variant=\"simple\" data-style=\"square\" data-click-area>\n\t\t\t\t\t<div class=\"c-card__content l-stack l-stack-sm\">\n\n\t\t\t\t\t\t\t\t\t\t\t\t\t<time class=\"c-card__date u-font-small\" datetime=\"2025-03-21\">21 mars 2025<\/time>\n\t\t\t\t\t\t\n\t\t\t\t\t\t\t\t\t\t\t\t\t<h3 class=\"c-card__title u-font-title-3\">\n\t\t\t\t\t\t\t\t\t\t\t\t\t\t\t\t\t<a class=\"c-card__link\" href=\"https:\/\/drottningblanka.se\/falun\/nyheter\/dbgy-falun-blir-en-del-av-hagstromska-gymnasiet\/\">\n\t\t\t\t\t\t\t\t\t\tDBGY Falun blir en del av Hagstr\u00f6mska Gy&#8230;\n\t\t\t\t\t\t\t\t\t<\/a>\n\t\t\t\t\t\t\t\t\t\t\t\t\t\t\t<\/h3>\n\t\t\t\t\t\t\n\t\t\t\t\t\t\t\t\t\t\t\t\t<p class=\"c-card__text l-stack-xs u-font-body\">\n\t\t\t\t\t\t\t\tNamnbytet inneb\u00e4r inte n\u00e5gon st\u00f6rre f\u00f6r\u00e4ndring f\u00f6r eleverna. Skolorna finns kvar&#8230;\n\t\t\t\t\t\t\t<\/p>\n\t\t\t\t\t\t\n\t\t\t\t\t\t\t\t\t\t\t\t\t<ul class=\"c-card__tags l-stack-grow u-list-none u-pt-md\" aria-label=\"Kategorier\">\n\t\t\t\t\t\t\t\t\t\t\t\t\t\t\t\t\t<li><span class=\"c-tag\" data-variant=\"outline\">Nyheter<\/span><\/li>\n\t\t\t\t\t\t\t\t\t\t\t\t\t\t\t<\/ul>\n\t\t\t\t\t\t\n\t\t\t\t\t\t<div class=\"c-card__icon\">\n\t\t\t\t\t\t\t\t\t\t\t\t\t\t<svg class=\"ams-icon ams-icon--arrow-right\" width=\"32\" height=\"32\" viewbox=\"0 0 32 32\" fill=\"currentColor\" aria-hidden=\"true\" xmlns=\"http:\/\/www.w3.org\/2000\/svg\">\n\t\t\t\t\t\t\t\t\t\t\t\t\t\t\t\t<path d=\"M15.4617 0.252159L14.9567 0.75931C14.6219 1.09545 14.6219 1.64048 14.9567 1.97669L27.7062 14.7806H0.857144C0.383786 14.7806 0 15.166 0 15.6414V16.3587C0 16.8341 0.383786 17.2195 0.857144 17.2195H27.7062L14.9567 30.0234C14.6219 30.3595 14.6219 30.9045 14.9567 31.2407L15.4617 31.7479C15.7964 32.084 16.3392 32.084 16.6739 31.7479L31.749 16.6087C32.0837 16.2725 32.0837 15.7275 31.749 15.3913L16.6739 0.252159C16.3392 -0.084053 15.7964 -0.084053 15.4617 0.252159Z\"\/>\n\t\t\t\t\t\t\t\n\t\t\t\t\t\t\t<\/svg>\n\t\t\t\t\t\t<\/div>\n\t\t\t\t\t<\/div>\n\n\t\t\t\t\t<div class=\"c-card__media \" style=\" \">\n\t\t\t\t\t\t<img decoding=\"async\" width=\"400\" height=\"225\" src=\"https:\/\/drottningblanka.se\/wp-content\/uploads\/sites\/10\/2025\/03\/amnyhethagdbgyfalun4-400x225.png\" class=\"attachment-sm size-sm\" alt=\"Tv\u00e5 bilder av elever som visar en sammanslagning av skolor\" sizes=\"(min-width: 64em) 300px, (min-width: 48em) calc(.50 * (100vw - 224px)), calc(100vw - 160px)\" srcset=\"https:\/\/drottningblanka.se\/wp-content\/uploads\/sites\/10\/2025\/03\/amnyhethagdbgyfalun4-400x225.png 400w, https:\/\/drottningblanka.se\/wp-content\/uploads\/sites\/10\/2025\/03\/amnyhethagdbgyfalun4-300x169.png 300w, https:\/\/drottningblanka.se\/wp-content\/uploads\/sites\/10\/2025\/03\/amnyhethagdbgyfalun4-600x338.png 600w, https:\/\/drottningblanka.se\/wp-content\/uploads\/sites\/10\/2025\/03\/amnyhethagdbgyfalun4-800x450.png 800w, https:\/\/drottningblanka.se\/wp-content\/uploads\/sites\/10\/2025\/03\/amnyhethagdbgyfalun4-1024x576.png 1024w, https:\/\/drottningblanka.se\/wp-content\/uploads\/sites\/10\/2025\/03\/amnyhethagdbgyfalun4-1200x675.png 1200w, https:\/\/drottningblanka.se\/wp-content\/uploads\/sites\/10\/2025\/03\/amnyhethagdbgyfalun4-1920x1080.png 1920w\" \/>\n\t\t\t\t\t<\/div>\n\t\t\t\t<\/article>\n\t\t\t<\/li>\n\t\t\t<\/ul>\n\n\t<div class=\"no-results u-mt-0 u-hide\" data-filter-fallback-id=\"ams-article-list-69e0f0da58bef\">\n\t<p>Det finns inga resultat som matchar din filtrering.<\/p>\n<\/div>\n\n\t    <div class=\"ams-article__more u-inline-items js-load-more-btn\">\n        <button href=\"#\"\n                class=\"c-btn\"\n                data-style=\"round\"\n                data-size=\"md\"\n                data-width=\"full-mobile\"\n                data-variant=\"outline\">\n        \tVisa fler nyheter\n        <\/button>\n    <\/div>\n\n\n\t\t\n\t\t\t<\/div>\n\n\t\t\n\n<\/section>\n","protected":false},"excerpt":{"rendered":"","protected":false},"author":1,"featured_media":0,"parent":0,"menu_order":0,"comment_status":"closed","ping_status":"closed","template":"archive-article.php","meta":{"footnotes":""},"yoast_head":"<!-- This site is optimized with the Yoast SEO plugin v22.0 - https:\/\/yoast.com\/wordpress\/plugins\/seo\/ -->\n<title>Nyheter - Drottning Blankas Gymnasium Falun<\/title>\n<meta name=\"description\" content=\"H\u00e4r kan du l\u00e4sa v\u00e5ra Nyheter fr\u00e5n skolan. L\u00e4s om vad som h\u00e4nder, vad som \u00e4r p\u00e5 g\u00e5ng och annat intressant r\u00f6rande Drottning Blanka.\" \/>\n<meta name=\"robots\" content=\"index, follow, max-snippet:-1, max-image-preview:large, max-video-preview:-1\" \/>\n<link rel=\"canonical\" href=\"https:\/\/drottningblanka.se\/falun\/nyheter\/\" \/>\n<meta property=\"og:locale\" content=\"sv_SE\" \/>\n<meta property=\"og:type\" content=\"article\" \/>\n<meta property=\"og:title\" content=\"Nyheter - Drottning Blankas Gymnasium Falun\" \/>\n<meta property=\"og:description\" content=\"H\u00e4r kan du l\u00e4sa v\u00e5ra Nyheter fr\u00e5n skolan. L\u00e4s om vad som h\u00e4nder, vad som \u00e4r p\u00e5 g\u00e5ng och annat intressant r\u00f6rande Drottning Blanka.\" \/>\n<meta property=\"og:url\" content=\"https:\/\/drottningblanka.se\/falun\/nyheter\/\" \/>\n<meta property=\"og:site_name\" content=\"Falun\" \/>\n<meta property=\"article:modified_time\" content=\"2026-01-30T11:36:05+00:00\" \/>\n<meta name=\"twitter:card\" content=\"summary_large_image\" \/>\n<meta name=\"twitter:title\" content=\"Nyheter - Drottning Blankas Gymnasium Falun\" \/>\n<meta name=\"twitter:description\" content=\"H\u00e4r kan du l\u00e4sa v\u00e5ra Nyheter fr\u00e5n skolan. L\u00e4s om vad som h\u00e4nder, vad som \u00e4r p\u00e5 g\u00e5ng och annat intressant r\u00f6rande Drottning Blanka.\" \/>\n<meta name=\"twitter:label1\" content=\"Ber\u00e4knad l\u00e4stid\" \/>\n\t<meta name=\"twitter:data1\" content=\"1 minut\" \/>\n<script type=\"application\/ld+json\" class=\"yoast-schema-graph\">{\"@context\":\"https:\/\/schema.org\",\"@graph\":[{\"@type\":\"WebPage\",\"@id\":\"https:\/\/drottningblanka.se\/falun\/nyheter\/\",\"url\":\"https:\/\/drottningblanka.se\/falun\/nyheter\/\",\"name\":\"Nyheter - Drottning Blankas Gymnasium Falun\",\"isPartOf\":{\"@id\":\"https:\/\/drottningblanka.se\/falun\/#website\"},\"datePublished\":\"2023-05-25T09:45:06+00:00\",\"dateModified\":\"2026-01-30T11:36:05+00:00\",\"description\":\"H\u00e4r kan du l\u00e4sa v\u00e5ra Nyheter fr\u00e5n skolan. L\u00e4s om vad som h\u00e4nder, vad som \u00e4r p\u00e5 g\u00e5ng och annat intressant r\u00f6rande Drottning Blanka.\",\"breadcrumb\":{\"@id\":\"https:\/\/drottningblanka.se\/falun\/nyheter\/#breadcrumb\"},\"inLanguage\":\"sv-SE\",\"potentialAction\":[{\"@type\":\"ReadAction\",\"target\":[\"https:\/\/drottningblanka.se\/falun\/nyheter\/\"]}]},{\"@type\":\"BreadcrumbList\",\"@id\":\"https:\/\/drottningblanka.se\/falun\/nyheter\/#breadcrumb\",\"itemListElement\":[{\"@type\":\"ListItem\",\"position\":1,\"name\":\"Start\",\"item\":\"https:\/\/drottningblanka.se\/falun\/\"},{\"@type\":\"ListItem\",\"position\":2,\"name\":\"Nyheter\"}]},{\"@type\":\"WebSite\",\"@id\":\"https:\/\/drottningblanka.se\/falun\/#website\",\"url\":\"https:\/\/drottningblanka.se\/falun\/\",\"name\":\"Falun\",\"description\":\"En del av AcadeMedia\",\"potentialAction\":[{\"@type\":\"SearchAction\",\"target\":{\"@type\":\"EntryPoint\",\"urlTemplate\":\"https:\/\/drottningblanka.se\/falun\/?s={search_term_string}\"},\"query-input\":\"required name=search_term_string\"}],\"inLanguage\":\"sv-SE\"}]}<\/script>\n<!-- \/ Yoast SEO plugin. -->","yoast_head_json":{"title":"Nyheter - Drottning Blankas Gymnasium Falun","description":"H\u00e4r kan du l\u00e4sa v\u00e5ra Nyheter fr\u00e5n skolan. L\u00e4s om vad som h\u00e4nder, vad som \u00e4r p\u00e5 g\u00e5ng och annat intressant r\u00f6rande Drottning Blanka.","robots":{"index":"index","follow":"follow","max-snippet":"max-snippet:-1","max-image-preview":"max-image-preview:large","max-video-preview":"max-video-preview:-1"},"canonical":"https:\/\/drottningblanka.se\/falun\/nyheter\/","og_locale":"sv_SE","og_type":"article","og_title":"Nyheter - Drottning Blankas Gymnasium Falun","og_description":"H\u00e4r kan du l\u00e4sa v\u00e5ra Nyheter fr\u00e5n skolan. L\u00e4s om vad som h\u00e4nder, vad som \u00e4r p\u00e5 g\u00e5ng och annat intressant r\u00f6rande Drottning Blanka.","og_url":"https:\/\/drottningblanka.se\/falun\/nyheter\/","og_site_name":"Falun","article_modified_time":"2026-01-30T11:36:05+00:00","twitter_card":"summary_large_image","twitter_title":"Nyheter - Drottning Blankas Gymnasium Falun","twitter_description":"H\u00e4r kan du l\u00e4sa v\u00e5ra Nyheter fr\u00e5n skolan. L\u00e4s om vad som h\u00e4nder, vad som \u00e4r p\u00e5 g\u00e5ng och annat intressant r\u00f6rande Drottning Blanka.","twitter_misc":{"Ber\u00e4knad l\u00e4stid":"1 minut"},"schema":{"@context":"https:\/\/schema.org","@graph":[{"@type":"WebPage","@id":"https:\/\/drottningblanka.se\/falun\/nyheter\/","url":"https:\/\/drottningblanka.se\/falun\/nyheter\/","name":"Nyheter - Drottning Blankas Gymnasium Falun","isPartOf":{"@id":"https:\/\/drottningblanka.se\/falun\/#website"},"datePublished":"2023-05-25T09:45:06+00:00","dateModified":"2026-01-30T11:36:05+00:00","description":"H\u00e4r kan du l\u00e4sa v\u00e5ra Nyheter fr\u00e5n skolan. L\u00e4s om vad som h\u00e4nder, vad som \u00e4r p\u00e5 g\u00e5ng och annat intressant r\u00f6rande Drottning Blanka.","breadcrumb":{"@id":"https:\/\/drottningblanka.se\/falun\/nyheter\/#breadcrumb"},"inLanguage":"sv-SE","potentialAction":[{"@type":"ReadAction","target":["https:\/\/drottningblanka.se\/falun\/nyheter\/"]}]},{"@type":"BreadcrumbList","@id":"https:\/\/drottningblanka.se\/falun\/nyheter\/#breadcrumb","itemListElement":[{"@type":"ListItem","position":1,"name":"Start","item":"https:\/\/drottningblanka.se\/falun\/"},{"@type":"ListItem","position":2,"name":"Nyheter"}]},{"@type":"WebSite","@id":"https:\/\/drottningblanka.se\/falun\/#website","url":"https:\/\/drottningblanka.se\/falun\/","name":"Falun","description":"En del av AcadeMedia","potentialAction":[{"@type":"SearchAction","target":{"@type":"EntryPoint","urlTemplate":"https:\/\/drottningblanka.se\/falun\/?s={search_term_string}"},"query-input":"required name=search_term_string"}],"inLanguage":"sv-SE"}]}},"_links":{"self":[{"href":"https:\/\/drottningblanka.se\/falun\/wp-json\/wp\/v2\/pages\/1223"}],"collection":[{"href":"https:\/\/drottningblanka.se\/falun\/wp-json\/wp\/v2\/pages"}],"about":[{"href":"https:\/\/drottningblanka.se\/falun\/wp-json\/wp\/v2\/types\/page"}],"author":[{"embeddable":true,"href":"https:\/\/drottningblanka.se\/falun\/wp-json\/wp\/v2\/users\/1"}],"replies":[{"embeddable":true,"href":"https:\/\/drottningblanka.se\/falun\/wp-json\/wp\/v2\/comments?post=1223"}],"version-history":[{"count":10,"href":"https:\/\/drottningblanka.se\/falun\/wp-json\/wp\/v2\/pages\/1223\/revisions"}],"predecessor-version":[{"id":2858,"href":"https:\/\/drottningblanka.se\/falun\/wp-json\/wp\/v2\/pages\/1223\/revisions\/2858"}],"wp:attachment":[{"href":"https:\/\/drottningblanka.se\/falun\/wp-json\/wp\/v2\/media?parent=1223"}],"curies":[{"name":"wp","href":"https:\/\/api.w.org\/{rel}","templated":true}]}}